 (base 12) to base 4.
-302000
Convert 209 (base 13) to base 11.
296
33012 (base 4) to base 8
1706
Convert 1111111011010 (base 2) to base 15.
2639
1f3 (base 16) to base 9
614
Convert -1210001002 (base 3) to base 15.
-a59b
Convert -146 (base 11) to base 7.
-333
What is 1100211022 (base 3) in base 12?
13652
Convert -3530 (base 6) to base 12.
-5a6
Convert 12010011 (base 3) to base 6.
25134
Convert 9641 (base 12) to base 10.
16465
16418 (base 13) to base 4
22113020
What is 100010000000 (base 2) in base 12?
1314
-2603 (base 7) to base 11
-814
Convert 1173 (base 9) to base 16.
36c
What is -2101012 (base 3) in base 2?
-11011000101
What is 11747 (base 9) in base 5?
223100
What is -120200 (base 3) in base 12?
-2b3
Convert -2dd (base 14) to base 15.
-292
What is 4c92 (base 16) in base 7?
111102
-2006 (base 8) to base 5
-13110
What is -43a2 (base 12) in base 2?
-1110100101010
Convert 27a4 (base 11) to base 13.
1859
What is 1101001101110 (base 2) in base 10?
6766
What is -244345 (base 7) in base 15?
-d3ea
30115 (base 11) to base 10
44060
Convert -2661 (base 9) to base 12.
-11a7
101010 (base 3) to base 7
540
1420c (base 13) to base 11
26362
-137 (base 11) to base 7
-320
What is -24ea (base 16) in base 10?
-9450
What is -32322 (base 5) in base 13?
-1012
Convert -7846 (base 9) to base 4.
-1122201
What is -22321201 (base 4) in base 5?
-2412031
What is -3006b (base 12) in base 5?
-3443131
Convert -1001100 (base 2) to base 8.
-114
Convert 3334123 (base 5) to base 11.
40090
-137701 (base 8) to base 11
-33977
What is -39c6 (base 13) in base 15?
-26b9
108c8 (base 13) to base 11
20663
Convert -111131 (base 5) to base 15.
-1261
Convert 5024 (base 9) to base 3.
12000211
What is 159 (base 14) in base 16?
113
What is 17a73 (base 11) in base 13?
b652
-643b (base 13) to base 15
-41c3
What is -3400 (base 5) in base 3?
-122121
What is 15011 (base 10) in base 13?
6aa9
What is -666 (base 9) in base 13?
-330
-31022 (base 5) to base 10
-2012
What is -2a4 (base 14) in base 4?
-20120
What is 312 (base 6) in base 5?
431
30266 (base 8) to base 5
344340
Convert 33122 (base 9) to base 7.
121025
What is 3170 (base 11) in base 9?
5666
What is -300 (base 10) in base 14?
-176
What is 30576 (base 8) in base 2?
11000101111110
What is 6242 (base 9) in base 12?
2792
What is 21322 (base 7) in base 9?
7247
What is 4423 (base 8) in base 15?
a4d
308 (base 13) to base 11
429
What is 1809 (base 11) in base 9?
3144
307d (base 14) to base 7
33216
What is a8 (base 15) in base 3?
12212
What is -1078 (base 12) in base 8?
-3434
Convert 23a33 (base 11) to base 16.
86d9
Convert -5544 (base 7) to base 15.
-8cc
What is 349 (base 10) in base 9?
427
Convert 5134 (base 6) to base 11.
945
Convert 111324 (base 6) to base 11.
7087
Convert -421020 (base 6) to base 13.
-12597
What is 41101 (base 5) in base 6?
20135
Convert 2123 (base 15) to base 12.
4080
Convert -100000201 (base 3) to base 7.
-25120
What is -23a6 (base 15) in base 14?
-2a97
What is -19232 (base 11) in base 4?
-12210101
-37371 (base 11) to base 14
-157c5
-8ab (base 12) to base 3
-1202112
What is 12011221 (base 3) in base 12?
222a
Convert 2b70 (base 15) to base 14.
3586
Convert -10000111011100 (base 2) to base 7.
-34162
What is -2c4 (base 13) in base 15?
-233
Convert -1512 (base 7) to base 11.
-4a3
5032 (base 9) to base 5
104144
What is 1000001110 (base 2) in base 11?
439
313003 (base 4) to base 6
24151
11011000111 (base 2) to base 11
1338
What is -6224 (base 8) in base 9?
-4367
20504 (base 7) to base 3
20221002
-442 (base 5) to base 3
-11112
Convert 120010021 (base 3) to base 16.
2b0f
-2222 (base 3) to base 11
-73
What is -1c19 (base 13) in base 3?
-12211022
Convert 315 (base 14) to base 8.
1137
What is -20111220 (base 3) in base 15?
-1619
Convert -1001001010110 (base 2) to base 11.
-3588
What is -37421 (base 8) in base 16?
-3f11
Convert 42f8 (base 16) to base 14.
6368
-213 (base 9) to base 14
-c6
What is 523 (base 9) in base 13?
26a
1374 (base 9) to base 15
494
What is -1654 (base 8) in base 5?
-12230
What is -1220113 (base 4) in base 3?
-100011101
Convert a73 (base 12) to base 14.
7b1
What is -6d8 (base 15) in base 8?
-3021
Convert 13224 (base 5) to base 6.
4532
Convert 30131 (base 4) to base 7.
2216
Convert 4420 (base 8) to base 7.
6523
What is -2342 (base 6) in base 9?
-688
1934 (base 15) to base 9
7424
-11c (base 16) to base 3
-101112
Convert 465 (base 13) to base 12.
533
What is 76 (base 16) in base 13?
91
5a (base 14) to base 13
62
-3129 (base 10) to base 7
-12060
What is 4304 (base 8) in base 10?
2244
What is -66 (base 9) in base 4?
-330
Convert 3282 (base 10) to base 6.
23110
What is 1400311 (base 5) in base 9?
42620
Convert -100221102 (base 3) to base 14.
-28d9
What is -667 (base 15) in base 2?
-10110100111
What is 4540 (base 8) in base 10?
2400
Convert -10000110010000100 (base 2) to base 7.
-404260
-ad (base 15) to base 7
-322
Convert 771 (base 8) to base 11.
41a
What is 3457 (base 11) in base 8?
10673
142541 (base 6) to base 15
4067
What is 1000 (base 7) in base 3?
110201
Convert 26a8 (base 13) to base 11.
4192
-2a7 (base 12) to base 10
-415
-10424 (base 9) to base 16
-1afb
What is -5b55 (base 12) in base 6?
-115345
What is -9860 (base 10) in base 3?
-111112012
11420 (base 6) to base 11
1287
b31 (base 13) to base 8
3553
Convert -2110 (base 4) to base 6.
-404
-6142 (base 9) to base 7
-16046
11325 (base 9) to base 4
1312010
Convert 12a0 (base 12) to base 9.
2833
Convert -2303 (base 16) to base 12.
-522b
What is -103c2 (base 13) in base 11?
-1aa5a
-2131 (base 7) to base 9
-1031
203361 (base 7) to base 9
52703
What is 10daa (base 14) in base 9?
62352
-46da (base 16) to base 11
-1269a
What is -1cdc6 (base 15) in base 12?
-46650
What is 730c (base 16) in base 13?
10537
195b (base 12) to base 9
4218
What is 70c (base 13) in base 8?
2253
Convert -153230 (base 7) to base 6.
-350412
What is -139d (base 14) in base 12?
-2013
What is -21b (base 16) in base 8?
-1033
What is -238 (base 15) in base 7?
-1316
-464 (base 10) to base 2
-111010000
-75b9 (base 12) to base 11
-980a
What is -752 (base 15) in base 9?
-2235
-13232 (base 4) to base 2
-111101110
Convert -1593 (base 10) to base 3.
-2012000
Convert -268 (base 10) to base 15.
-12d
What is 6087 (base 16) in base 2?
110000010000111
-230010 (base 5) to base 15
-2620
Convert 118 (base 15) to base 16.
f8
-641 (base 11) to base 6
-3323
What is 3250 (base 11) in base 15?
1410
Convert -12200211 (base 3) to base 12.
-24a1
Convert -22202 (base 4) to base 14.
-362
-ca (base 15) to base 13
-118
-11505 (base 7) to base 15
-d49
Convert -1338 (base 9) to base 7.
-2636
b5 (base 15) to base 11
145
What is 10482 (base 13) in base 2?
111001010011111
-10111100 (base 2) to base 13
-116
What is -21101121 (base 3) in base 2?
-1010100001101
Convert -101000001110 (base 2) to base 6.
-15530
Convert 621f (base 16) to base 6.
312143
fb9 (base 16) to base 10
4025
What is 11146 (base 9) in base 10?
7413
10a (base 15) to base 16
eb
Convert -2263 (base 13) to base 11.
-3686
Convert -28c (base 13) to base 4.
-13012
Convert -928 (base 16) to base 12.
-1434
What is 286 (base 13) in base 5?
3243
Convert 262 (base 15) to base 3.
202002
What is -2120112 (base 4) in base 10?
-9750
a0b4 (base 14) to base 5
1340343
What is 2201 (base 6) in base 11?
41a
-a79c (base 16) to base 2
-1010011110011100
What is 1000211100 (base 3) in base 14?
7570
Convert a42b (base 13) to base 3.
1011010010
Convert -21 (base 10) to base 3.
-210
Convert -a6 (base 13) to base 7.
-253
a2b (base 14) to base 9
2661
What is -12003203 (base 4) in base 9?
-37018
Convert 2612 (base 10) to base 13.
125c
-1696a (base 12) to base 13
-11a28
-325422 (base 6) to base 11
-1944a
What is -220 (base 3) in base 11?
-22
What is -1a2 (base 14) in base 6?
-1322
What is 312 (base 6) in base 16?
74
Convert 3304 (base 14) to base 15.
2934
What is 403 (base 7) in base 4?
3013
What is 10200222 (base 3) in base 6?
20255
What is -4708 (base 9) in base 5?
-102431
What is 1111001100 (base 2) in base 10?
972
Convert -50260 (base 8) to base 3.
-1001100001
1351522 (base 6) to base 7
440060
What is cba (base 14) in base 10?
2516
101010111 (base 2) to base 4
11113
-110110010 (base 2) to base 13
-275
-4152 (base 6) to base 2
-1110100100
379 (base 10) to base 16
17b
What is 289 (base 14) in base 9